{"id":200,"date":"2018-09-11T18:25:17","date_gmt":"2018-09-12T00:25:17","guid":{"rendered":"http:\/\/virtual.cuautitlan.unam.mx\/intar\/?page_id=200"},"modified":"2021-06-03T22:23:13","modified_gmt":"2021-06-04T03:23:13","slug":"200-2","status":"publish","type":"page","link":"https:\/\/virtual.cuautitlan.unam.mx\/intar\/?page_id=200","title":{"rendered":"Sistemas expertos"},"content":{"rendered":"<h1><strong>Sistemas Expertos<\/strong><\/h1>\n<p>Un sistema experto (SE) es una rama de la inteligencia artificial que trata de imitar y simular los procesos de aprendizaje, de memorizaci\u00f3n, de razonamiento, y de acci\u00f3n de un humano experto en cualquier rama de la ciencia. El SE tiene como base el conocimiento adquirido o almacenado de una persona experta en un \u00e1rea de conocimiento particular, por ejemplo, un sistema experto m\u00e9dico, parte de todo el conocimiento adquirido relacionado a diferentes s\u00edntomas que est\u00e1n relacionadas a diferentes enfermedades, as\u00ed como los tratamientos medicinales con los cuales puede ser tratada cada dolencia. Esta informaci\u00f3n conforma la base de conocimientos de un SE, y cuando el usuario utilice esta herramienta, \u00e9l ingresar\u00e1 datos y s\u00edntomas, para que el sistema experto realice la b\u00fasqueda y respuesta que m\u00e1s se acerque a los datos de entrada.<\/p>\n<p>El primer sistema experto fue desarrollado en 1967 por Edward Feigenbaum y Joshua Lederberg, con la finalidad de analizar compuestos qu\u00edmicos.<br \/>\nLos SE deben de contener como parte fundamental de su eficacia, una base de conocimientos de gran magnitud, ya que es la base sobre la cual el SE podr\u00e1 tomar una decisi\u00f3n correcta. Esta base de conocimientos, se genera principalmente a trav\u00e9s de entrevistas, observaciones y hechos conocidos de un \u00e1rea en particular.<\/p>\n<p>La otra parte que conforma la estructura b\u00e1sica de un SE, es el motor de inferencia (MI). El MI contiene las reglas l\u00f3gicas que deben de seguir los conocimientos para llegar a una soluci\u00f3n. Una muy buena explicaci\u00f3n de c\u00f3mo se pueden utilizar y definir las reglas de estos sistemas puede verse en (Gutierrez, 2008).<\/p>\n<p>Los sistemas expertos pueden ser desarrollados para una gran cantidad de aplicaciones, muy distintas entre ellas, tales como las aplicaciones m\u00e9dicas y las aplicaciones del control de voltaje y potencia reactiva de un sistema de potencia (Che et al., 1988). Existen diferentes metodolog\u00edas para realizar sistemas expertos, en (Liao, 2005 se ofrece un resumen bastante amplio de diferentes t\u00e9cnicas para dise\u00f1arlos.<br \/>\nEl esquema b\u00e1sico de un sistema experto puede verse en a figura 1.<\/p>\n<p><img loading=\"lazy\" decoding=\"async\" class=\"alignnone size-medium wp-image-201\" src=\"http:\/\/virtual.cuautitlan.unam.mx\/intar\/wp-content\/uploads\/2018\/09\/Sistema-experto-300x139.jpg\" alt=\"\" width=\"300\" height=\"139\" srcset=\"https:\/\/virtual.cuautitlan.unam.mx\/intar\/wp-content\/uploads\/2018\/09\/Sistema-experto-300x139.jpg 300w, https:\/\/virtual.cuautitlan.unam.mx\/intar\/wp-content\/uploads\/2018\/09\/Sistema-experto.jpg 327w\" sizes=\"(max-width: 300px) 100vw, 300px\" \/><br \/>\nFig. 1. Esquema b\u00e1sico de un sistema experto.<\/p>\n<p>Uno de los lenguajes de programaci\u00f3n utilizado para el desarrollo de sistemas expertos es PROLOG, lenguaje sobre el cual versa diferentes secciones de esta web.\u00a0 Es recomendable que el lector se dirija hac\u00eda la secci\u00f3n destinada a PROLOG para entender algunos de los proyectos que se muestran a continuaci\u00f3n.<\/p>\n<h2><strong>Sistemas expertos en PROLOG<\/strong><\/h2>\n<p>Los sistemas expertos que se presentan a continuaci\u00f3n utilizan la programaci\u00f3n l\u00f3gica como coraz\u00f3n de su\u00a0 funcionamiento, y se auxilian de librer\u00edas gr\u00e1ficas para dar una experiencia m\u00e1s agradable al usuario. Estos SE, se han realizado en colaboraci\u00f3n con diferentes estudiantes que han trabajado en este proyecto a lo largo del tiempo.<\/p>\n<p>El siguiente proyecto, identifica las t\u00e9cnicas de pelea de los personajes de Dragon Ball Z, las instrucciones se encuentran dentro del comprimido .RAR. Para descargar este proyecto de Dragon Ball, oprime el siguiente link:<\/p>\n<p style=\"text-align: center;\"><a href=\"http:\/\/virtual.cuautitlan.unam.mx\/intar\/wp-content\/uploads\/2021\/06\/Proyecto.rar\"><strong>Dragon Ball<\/strong><\/a><\/p>\n<p>Para ver un poco del funcionamiento del sistema, puedes visualizar el siguiente v\u00eddeo:<\/p>\n<p><iframe loading=\"lazy\" title=\"Sistema Experto\" width=\"525\" height=\"295\" src=\"https:\/\/www.youtube.com\/embed\/UmOPvL4KL8A?feature=oembed\" frameborder=\"0\" allow=\"accelerometer; autoplay; clipboard-write; encrypted-media; gyroscope; picture-in-picture; web-share\" referrerpolicy=\"strict-origin-when-cross-origin\" allowfullscreen><\/iframe><\/p>\n<p>El siguiente proyecto realizado por medio de una interfaz gr\u00e1fica de PROLOG, es un sistema de diagn\u00f3stico de diferentes enfermedades mentales provocadas por adicciones. Es necesario mencionar,\u00a0 que este sistema NO debe de ser considerado como un m\u00e9dico ni un sistema preciso de diagn\u00f3stico, para cualquier problema relacionado a adicciones y trastornos mentales, se debe de acudir con un especialista en el \u00e1rea. Este sistema s\u00f3lo se presenta como una muestra de las cualidades de PROLOG.<\/p>\n<p>Para descargar el proyecto, se debe de utilizar el siguiente link:<\/p>\n<p style=\"text-align: center;\"><a href=\"http:\/\/virtual.cuautitlan.unam.mx\/intar\/wp-content\/uploads\/2021\/06\/Proyecto.rar\"><strong>Diagn\u00f3stico gr\u00e1fico<\/strong><\/a><\/p>\n<p>Para ver el funcionamiento del sistema, se puede visitar el siguiente v\u00eddeo:<\/p>\n<p><iframe loading=\"lazy\" title=\"Sistema Experto que reconoce algunas enfermedades\" width=\"525\" height=\"295\" src=\"https:\/\/www.youtube.com\/embed\/qp8fhKCMGgQ?feature=oembed\" frameborder=\"0\" allow=\"accelerometer; autoplay; clipboard-write; encrypted-media; gyroscope; picture-in-picture; web-share\" referrerpolicy=\"strict-origin-when-cross-origin\" allowfullscreen><\/iframe><\/p>\n<p>El siguiente sistema, permite conocer algunas de las estad\u00edsticas que representan a diversos veh\u00edculos de lujo. Para descargar el sistema completo, es necesario dar click en el siguiente link:<\/p>\n<p style=\"text-align: center;\"><a href=\"http:\/\/virtual.cuautitlan.unam.mx\/intar\/wp-content\/uploads\/2021\/06\/PROYECTO-PROLOG.rar\"><strong>Sistema de identificaci\u00f3n vehicular<\/strong><\/a><\/p>\n<p>Las instrucciones de uso se encuentran dentro del archivo .RAR.<\/p>\n<p>El siguiente sistema experto, ayuda a los amantes de la cerveza a conocer un poco m\u00e1s de las caracter\u00edsticas de esta bebida. El proyecto fue desarrollado por el alumno P\u00e9rez Medina Le\u00f3n Antonio, de la carrera de IME. Es una muestra interesante de un SE desarrollado por medio de PROLOG, para poder acceder al proyecto, se debe de ingresar al siguiente Link:<\/p>\n<p style=\"text-align: center;\"><a href=\"http:\/\/virtual.cuautitlan.unam.mx\/intar\/wp-content\/uploads\/2021\/06\/Cerveza.rar\"><strong>Cerveza<\/strong><\/a><\/p>\n<h2><strong>Referencias<\/strong><\/h2>\n<p>Lederberg, J., &amp; Feigenbaum, E. A. (1967). Mechanization of inductive inference in organic chemistry. STANFORD UNIV CALIF.<br \/>\nGuti\u00e9rrez, J. M. (2008). Sistemas Expertos Basados en Reglas. Recurso personal. Dpto. de Matem\u00e1tica Aplicada. Universidad de Cantabria, 1-12.<br \/>\nCheng, S. J., Malik, O. P., &amp; Hope, G. S. (1988). An expert system for voltage and reactive power control of a power system. IEEE Transactions on Power Systems, 3(4), 1449-1455.<br \/>\nLiao, S. H. (2005). Expert system methodologies and applications\u2014a decade review from 1995 to 2004. Expert systems with applications, 28(1), 93-103.<\/p>\n","protected":false},"excerpt":{"rendered":"<p>Sistemas Expertos Un sistema experto (SE) es una rama de la inteligencia artificial que trata de imitar y simular los procesos de aprendizaje, de memorizaci\u00f3n, de razonamiento, y de acci\u00f3n de un humano experto en cualquier rama de la ciencia. El SE tiene como base el conocimiento adquirido o almacenado de una persona experta en &hellip; <\/p>\n<p class=\"link-more\"><a href=\"https:\/\/virtual.cuautitlan.unam.mx\/intar\/?page_id=200\" class=\"more-link\">Continuar leyendo<span class=\"screen-reader-text\"> &#8220;Sistemas expertos&#8221;<\/span><\/a><\/p>\n","protected":false},"author":3,"featured_media":0,"parent":0,"menu_order":0,"comment_status":"closed","ping_status":"closed","template":"","meta":{"footnotes":""},"class_list":["post-200","page","type-page","status-publish","hentry"],"_links":{"self":[{"href":"https:\/\/virtual.cuautitlan.unam.mx\/intar\/index.php?rest_route=\/wp\/v2\/pages\/200"}],"collection":[{"href":"https:\/\/virtual.cuautitlan.unam.mx\/intar\/index.php?rest_route=\/wp\/v2\/pages"}],"about":[{"href":"https:\/\/virtual.cuautitlan.unam.mx\/intar\/index.php?rest_route=\/wp\/v2\/types\/page"}],"author":[{"embeddable":true,"href":"https:\/\/virtual.cuautitlan.unam.mx\/intar\/index.php?rest_route=\/wp\/v2\/users\/3"}],"replies":[{"embeddable":true,"href":"https:\/\/virtual.cuautitlan.unam.mx\/intar\/index.php?rest_route=%2Fwp%2Fv2%2Fcomments&post=200"}],"version-history":[{"count":7,"href":"https:\/\/virtual.cuautitlan.unam.mx\/intar\/index.php?rest_route=\/wp\/v2\/pages\/200\/revisions"}],"predecessor-version":[{"id":926,"href":"https:\/\/virtual.cuautitlan.unam.mx\/intar\/index.php?rest_route=\/wp\/v2\/pages\/200\/revisions\/926"}],"wp:attachment":[{"href":"https:\/\/virtual.cuautitlan.unam.mx\/intar\/index.php?rest_route=%2Fwp%2Fv2%2Fmedia&parent=200"}],"curies":[{"name":"wp","href":"https:\/\/api.w.org\/{rel}","templated":true}]}}