{"id":20,"date":"2025-10-31T06:20:50","date_gmt":"2025-10-31T06:20:50","guid":{"rendered":"https:\/\/virtual.cuautitlan.unam.mx\/intar\/dativa\/?page_id=20"},"modified":"2026-02-25T15:23:13","modified_gmt":"2026-02-25T15:23:13","slug":"divulgacion-cientifica","status":"publish","type":"page","link":"https:\/\/virtual.cuautitlan.unam.mx\/intar\/dativa\/divulgacion-cientifica\/","title":{"rendered":"Divulgaci\u00f3n cient\u00edfica"},"content":{"rendered":"<h1><strong>Divulgaci\u00f3n cient\u00edfica<\/strong><\/h1>\n<p>Uno de los principales intereses del Dr. David Tinoco Varela es la divulgaci\u00f3n cient\u00edfica, orientada a acercar a los j\u00f3venes a tem\u00e1ticas que podr\u00edan parecer complejas, como la inteligencia artificial. Con el objetivo de fomentar el inter\u00e9s juvenil en estas \u00e1reas, se ha enfocado en ofrecer conferencias invitadas en diversos centros educativos, principalmente en M\u00e9xico, aunque tambi\u00e9n ha participado en eventos internacionales.<\/p>\n<p>Algunas de las conferencias dadas son:<\/p>\n<ol>\n<li>Conferencia invitada a la 47 Feria internacional del libro (FIL, 2026), titulada &#8220;Inteligencia artificial generativa: \u00bfC\u00f3mo aprende el cerebro de una m\u00e1quina\u2019&#8221;.<br \/>\n21 de febrero de 2026. Palacio de mener\u00eda, CDMX.<\/li>\n<li>Conferencia invitada a la VII Feria internacional del libro de las universitarias y los universitarios (FILUNI, 2025), titulada &#8220;Inteligencia artificial: redes neuronales y su impacto en la educaci\u00f3n en Latinoam\u00e9rica&#8221;. 27 de agosto de 2025. Ciudad Universitaria, UNAM, CDMX.<\/li>\n<li>Conferencia invitada &#8220;Inteligencia artificial en Ingenier\u00eda en Alimentos&#8221; en la Celebraci\u00f3n del 48 aniversario de Ingenier\u00eda en alimentos. FESC, Campo 1. 9 de octubre de 2025.<\/li>\n<li>Conferencia invitada a la 46 Feria Internacional del LIbro del Palacio de miner\u00eda (FIL), titulada &#8220;Inteligencia artificial, redes neuronales y su uso en la educaci\u00f3n&#8221;. 22 de febrero de 2025. Palacio de Miner\u00eda, CDMX.<\/li>\n<li>Conferencia invitada\u00a0 en el &#8220;Encuentro Estudiantil de Ingenier\u00edas 2024&#8221; con la ponencia titulada Sistemas Inteligentes: Proyectos realizados dentro de las carreras de ingenier\u00eda, celebrado el 19 de septiembre de 2024 en la Facultad de Estudios Superiores Cuautitl\u00e1n.<\/li>\n<li>Conferencia invitada titulada \u201cInteligencia Artificial y Big data\u201d, dentro del d\u00eda del ingeniero en la Universidad Polit\u00e9cnica de Atlacomulco. Estado de M\u00e9xico, 30 de junio de 2023.<\/li>\n<li>Conferencia invitada titulada \u201c\u00a1Inteligencia Artificial en un Mundo Conectado!\u201d, dentro del ciclo de conferencias del Colegio de T\u00e9cnicos Acad\u00e9mico de la FESC. Estado de M\u00e9xico, 27 de junio de 2023.<\/li>\n<li>Conferencia invitada titulada \u201cInteligencia Artificial&#8221;, en el marco del Primer Congreso Internacional de Ingenier\u00eda Inform\u00e1tica 2022 &#8220;Tecnolog\u00edas Disruptivas para la Transformaci\u00f3n Digital&#8221;, realizado en las instalaciones del Tecnol\u00f3gico de Estudios Superiores de San Felipe del Progreso del 23 al 25 de noviembre de 2022.<\/li>\n<li>Conferencia invitada titulada \u201cInteligencia Artificial\u201d, dentro del marco de la Semana Nacional de Ciencia y Tecnolog\u00eda llevada a cabo en el Centro de Bachillerato Tecnolog\u00edco y de Servicios No. 50, CBTIS 50. Estado de M\u00e9xico, Octubre del 2019.<\/li>\n<li><span style=\"font-size: 1rem;\">Conferencia invitada titulada \u201cInterfaces Humano M\u00e1quinas In<\/span>teligentes y criptogr\u00e1ficamente Seguras\u201d, llevada a cabo en la Universidad Lucerna. Estado de M\u00e9xico, Marzo del 2019.<\/li>\n<li>Conferencia invitada titulada \u201cInteligencia Artificial aplicada a edificios inteligentes\u201d, llevada a cabo en el Tecnol\u00f3gico de Estudios Superiores de Coacalco (TESCO). Estado de M\u00e9xico, Octubre del 2018.<\/li>\n<li>Conferencia invitada titulada \u201cInterfaces humano m\u00e1quina cripogr\u00e1ficamente seguras contra ataques f\u00edsicos\u201d, llevada a cabo en el Tecnol\u00f3gico de Estudios Superiores de Coacalco (TESCO). Estado de M\u00e9xico, Octubre del 2018.<\/li>\n<\/ol>\n","protected":false},"excerpt":{"rendered":"<p>Divulgaci\u00f3n cient\u00edfica Uno de los principales intereses del Dr. David Tinoco Varela es la divulgaci\u00f3n cient\u00edfica, orientada a acercar a los j\u00f3venes a tem\u00e1ticas que podr\u00edan parecer complejas, como la inteligencia artificial. Con el objetivo de fomentar el inter\u00e9s juvenil en estas \u00e1reas, se ha enfocado en ofrecer conferencias invitadas en diversos centros educativos, principalmente &hellip; <\/p>\n<p class=\"link-more\"><a href=\"https:\/\/virtual.cuautitlan.unam.mx\/intar\/dativa\/divulgacion-cientifica\/\" class=\"more-link\">Continuar leyendo<span class=\"screen-reader-text\"> &#8220;Divulgaci\u00f3n cient\u00edfica&#8221;<\/span><\/a><\/p>\n","protected":false},"author":3,"featured_media":0,"parent":0,"menu_order":0,"comment_status":"closed","ping_status":"closed","template":"","meta":{"footnotes":""},"class_list":["post-20","page","type-page","status-publish","hentry"],"_links":{"self":[{"href":"https:\/\/virtual.cuautitlan.unam.mx\/intar\/dativa\/wp-json\/wp\/v2\/pages\/20"}],"collection":[{"href":"https:\/\/virtual.cuautitlan.unam.mx\/intar\/dativa\/wp-json\/wp\/v2\/pages"}],"about":[{"href":"https:\/\/virtual.cuautitlan.unam.mx\/intar\/dativa\/wp-json\/wp\/v2\/types\/page"}],"author":[{"embeddable":true,"href":"https:\/\/virtual.cuautitlan.unam.mx\/intar\/dativa\/wp-json\/wp\/v2\/users\/3"}],"replies":[{"embeddable":true,"href":"https:\/\/virtual.cuautitlan.unam.mx\/intar\/dativa\/wp-json\/wp\/v2\/comments?post=20"}],"version-history":[{"count":3,"href":"https:\/\/virtual.cuautitlan.unam.mx\/intar\/dativa\/wp-json\/wp\/v2\/pages\/20\/revisions"}],"predecessor-version":[{"id":75,"href":"https:\/\/virtual.cuautitlan.unam.mx\/intar\/dativa\/wp-json\/wp\/v2\/pages\/20\/revisions\/75"}],"wp:attachment":[{"href":"https:\/\/virtual.cuautitlan.unam.mx\/intar\/dativa\/wp-json\/wp\/v2\/media?parent=20"}],"curies":[{"name":"wp","href":"https:\/\/api.w.org\/{rel}","templated":true}]}}