{"id":18,"date":"2022-06-27T21:49:09","date_gmt":"2022-06-28T03:49:09","guid":{"rendered":"http:\/\/virtual.cuautitlan.unam.mx\/intar\/cimcia\/?page_id=18"},"modified":"2026-05-05T17:33:40","modified_gmt":"2026-05-05T23:33:40","slug":"registro","status":"publish","type":"page","link":"https:\/\/virtual.cuautitlan.unam.mx\/intar\/cimcia\/registro\/","title":{"rendered":"Registro"},"content":{"rendered":"<h2 style=\"text-align: center;\"><strong>Registro de participaci\u00f3n<\/strong><\/h2>\n<p>Para participar en este congreso como asistente, es necesario realizar el registro por medio de la p\u00e1gina electr\u00f3nica:<\/p>\n<p style=\"text-align: center;\"><a href=\"https:\/\/forms.gle\/27DSaRxEFobw5eSt8\"><strong>https:\/\/forms.gle\/27DSaRxEFobw5eSt8<\/strong><\/a><\/p>\n<p>Por medio del correo electr\u00f3nico que se registre en el formulario se enviaran todos los datos e informaci\u00f3n de los links de conexi\u00f3n, informes, y todo lo relacionado al congreso. Por lo que es muy importante que el correo electr\u00f3nico proporcionado este correcto.<\/p>\n","protected":false},"excerpt":{"rendered":"<p>Registro de participaci\u00f3n Para participar en este congreso como asistente, es necesario realizar el registro por medio de la p\u00e1gina electr\u00f3nica: https:\/\/forms.gle\/27DSaRxEFobw5eSt8 Por medio del correo electr\u00f3nico que se registre en el formulario se enviaran todos los datos e informaci\u00f3n de los links de conexi\u00f3n, informes, y todo lo relacionado al congreso. Por lo que &hellip; <\/p>\n<p class=\"link-more\"><a href=\"https:\/\/virtual.cuautitlan.unam.mx\/intar\/cimcia\/registro\/\" class=\"more-link\">Continuar leyendo<span class=\"screen-reader-text\"> &#8220;Registro&#8221;<\/span><\/a><\/p>\n","protected":false},"author":3,"featured_media":0,"parent":0,"menu_order":0,"comment_status":"closed","ping_status":"closed","template":"","meta":{"footnotes":""},"class_list":["post-18","page","type-page","status-publish","hentry"],"_links":{"self":[{"href":"https:\/\/virtual.cuautitlan.unam.mx\/intar\/cimcia\/wp-json\/wp\/v2\/pages\/18"}],"collection":[{"href":"https:\/\/virtual.cuautitlan.unam.mx\/intar\/cimcia\/wp-json\/wp\/v2\/pages"}],"about":[{"href":"https:\/\/virtual.cuautitlan.unam.mx\/intar\/cimcia\/wp-json\/wp\/v2\/types\/page"}],"author":[{"embeddable":true,"href":"https:\/\/virtual.cuautitlan.unam.mx\/intar\/cimcia\/wp-json\/wp\/v2\/users\/3"}],"replies":[{"embeddable":true,"href":"https:\/\/virtual.cuautitlan.unam.mx\/intar\/cimcia\/wp-json\/wp\/v2\/comments?post=18"}],"version-history":[{"count":7,"href":"https:\/\/virtual.cuautitlan.unam.mx\/intar\/cimcia\/wp-json\/wp\/v2\/pages\/18\/revisions"}],"predecessor-version":[{"id":364,"href":"https:\/\/virtual.cuautitlan.unam.mx\/intar\/cimcia\/wp-json\/wp\/v2\/pages\/18\/revisions\/364"}],"wp:attachment":[{"href":"https:\/\/virtual.cuautitlan.unam.mx\/intar\/cimcia\/wp-json\/wp\/v2\/media?parent=18"}],"curies":[{"name":"wp","href":"https:\/\/api.w.org\/{rel}","templated":true}]}}