{"id":391,"date":"2021-11-01T15:38:56","date_gmt":"2021-11-01T21:38:56","guid":{"rendered":"http:\/\/virtual.cuautitlan.unam.mx\/intar\/ceiaait\/?page_id=391"},"modified":"2021-11-03T11:18:01","modified_gmt":"2021-11-03T17:18:01","slug":"programa-general-2021","status":"publish","type":"page","link":"https:\/\/virtual.cuautitlan.unam.mx\/intar\/ceiaait\/programa-general-2021\/","title":{"rendered":"Programa General 2021"},"content":{"rendered":"<h1 style=\"text-align: center;\"><strong>Programa del 4to. Congreso Estudiantil de Inteligencia Artificial Aplicada a la Ingenier\u00eda y Tecnolog\u00eda<\/strong><\/h1>\n<p style=\"text-align: center;\">Horarios dados en la hora local, Ciudad de M\u00e9xico, M\u00e9xico.<\/p>\n<table>\n<tbody>\n<tr>\n<td colspan=\"2\">\n<h2 style=\"text-align: center;\"><span style=\"color: #808080;\"><strong>Jueves 11 de noviembre<\/strong><\/span><\/h2>\n<\/td>\n<\/tr>\n<tr>\n<td>\n<p style=\"text-align: center;\"><strong>10:00-10:30<\/strong><\/p>\n<\/td>\n<td>\n<p style=\"text-align: center;\"><strong>Inauguraci\u00f3n<\/strong><\/p>\n<\/td>\n<\/tr>\n<tr>\n<td>\n<p style=\"text-align: center;\">10:30-11:15<\/p>\n<\/td>\n<td>\n<p style=\"text-align: center;\"><strong>Conferencia:<\/strong> <strong>Dr. Marco Antonio Aceves Fern\u00e1ndez<\/strong><\/p>\n<p style=\"text-align: center;\"><strong>Universidad Aut\u00f3noma de Quer\u00e9taro<\/strong><\/p>\n<p style=\"text-align: center;\">El viaje hacia la inteligencia artificial: todo lo que debo llevar en mi mochila<\/p>\n<\/td>\n<\/tr>\n<tr>\n<td>\n<p style=\"text-align: center;\">11:15-11:30<\/p>\n<\/td>\n<td style=\"text-align: center;\">Presentaci\u00f3n del libro: <strong>Inteligencia Artificial para Programadores con Prisa<\/strong><\/p>\n<p>Del Dr. Marco Antonio Aceves Fern\u00e1ndez<\/td>\n<\/tr>\n<tr>\n<td style=\"text-align: center;\">11:30-12:30<\/td>\n<td>\n<p style=\"text-align: center;\"><strong>Conferencia: Dr. Luis Beltr\u00e1n Prieto <\/strong><\/p>\n<p style=\"text-align: center;\"><strong>Tom\u00e1s Bata University in Zl\u00edn, Rep\u00fablica Checa<\/strong><\/p>\n<p style=\"text-align: center;\">Fundamentos y aplicaciones de Deep Learning<\/p>\n<\/td>\n<\/tr>\n<tr>\n<td>\n<p style=\"text-align: center;\">12:30-12:45<\/p>\n<\/td>\n<td style=\"text-align: center;\">Edwin Geovani Mendoza y Elmar Montiel<\/p>\n<p><strong>Dise\u00f1o de un sistema de visi\u00f3n artificial para el reconocimiento de placas en el software Silab<\/strong><\/td>\n<\/tr>\n<tr>\n<td style=\"text-align: center;\">12:45:13:00<\/td>\n<td>\n<p style=\"text-align: center;\">Natalia de Los \u00c1ngeles S\u00e1nchez Pati\u00f1o y Mario Rosas Otero<\/p>\n<p style=\"text-align: center;\"><strong>Controlador Difuso para un Sistema de Riego Autom\u00e1tico<\/strong><\/p>\n<\/td>\n<\/tr>\n<tr>\n<td style=\"text-align: center;\">13:00-13:15<\/td>\n<td>\n<p style=\"text-align: center;\">Le\u00f3n Loa,\u00a0Irving Mendoza,\u00a0Fernando V\u00e1zquez\u00a0y\u00a0Roc\u00edo Marisol<\/p>\n<p style=\"text-align: center;\"><strong>Control de un proceso por PLC de forma remota empleando IoT en un sistema Ciber-F\u00edsico I4.0<\/strong><\/p>\n<\/td>\n<\/tr>\n<tr>\n<td style=\"text-align: center;\">13:15-13:30<\/td>\n<td>\n<p style=\"text-align: center;\">Mar\u00eda del Consuelo Patricia Torres Falc\u00f3n, Omar Rodr\u00edguez Abreo, Edwin Bravo Morales, Luis Eduardo Arce Rodr\u00edguez, Gonzalo Vargas Hern\u00e1ndez, Mauricio Manuel Cata\u00f1o, Alejandro Flores Rangel, Francisco Antonio Castillo Vel\u00e1squez, Jos\u00e9 Luis Mart\u00ednez Godoy y David Ram\u00edrez Cruz<\/p>\n<p style=\"text-align: center;\"><strong>Desarrollo e implementaci\u00f3n de modelo de redes neuronales para la predicci\u00f3n de la velocidad y optimizaci\u00f3n de combustible en tracto camiones, utilizando el Raspberry Pi<\/strong><\/p>\n<\/td>\n<\/tr>\n<tr>\n<td>13:30-13:45<\/td>\n<td>\n<p style=\"text-align: center;\">Carlos O. Flor-S\u00e1nchez, Gerardo Altamirano-Guerrero y Edgar O. Res\u00e9ndiz-Flores<\/p>\n<p style=\"text-align: center;\"><strong>Dise\u00f1o De Aceros Avanzados Aplicados En La Industria Automotriz Mediante T\u00e9cnicas De Optimizaci\u00f3n Num\u00e9rica E Inteligencia Artificial<\/strong><\/p>\n<\/td>\n<\/tr>\n<tr>\n<td style=\"text-align: center;\">13:45-14:00<\/td>\n<td>\n<p style=\"text-align: center;\">\u00c1ngel Isa\u00edas Lima G\u00f3mez<\/p>\n<p style=\"text-align: center;\"><strong>Ambiente de laboratorios virtuales del \u00e1rea el\u00e9ctrica con el apoyo del software LVSIM-EMS<\/strong><\/p>\n<\/td>\n<\/tr>\n<tr>\n<td>\n<p style=\"text-align: center;\"><strong>14:00-16:00<\/strong><\/p>\n<\/td>\n<td style=\"text-align: center;\"><span style=\"color: #808080;\"><strong>Receso de actividades<\/strong><\/span><\/td>\n<\/tr>\n<tr>\n<td>\n<p style=\"text-align: center;\">16:00-17:00<\/p>\n<\/td>\n<td>\n<p style=\"text-align: center;\"><strong>Conferencia: Lic. Francisco Esquivel del Reyo <\/strong><\/p>\n<p style=\"text-align: center;\"><strong>INFOSFERAS<\/strong><\/p>\n<p style=\"text-align: center;\">Nuestra Big data de cada d\u00eda<\/p>\n<\/td>\n<\/tr>\n<tr>\n<td style=\"text-align: center;\">17:00-17:15<\/td>\n<td>\n<p style=\"text-align: center;\">Jos\u00e9 de Jes\u00fas \u00c1ngel \u00c1ngel<\/p>\n<p style=\"text-align: center;\"><strong>Blockchains with Artificial Intelligence and Others Thecnologies a Survey<\/strong><\/p>\n<\/td>\n<\/tr>\n<tr>\n<td>\n<p style=\"text-align: center;\">17:15-17:30<\/p>\n<\/td>\n<td>\n<p style=\"text-align: center;\">Juan P. Gonz\u00e1lez y Felipe Trujillo-Romero<\/p>\n<p style=\"text-align: center;\"><strong>Reconocimiento de objetos en entorno urbano para la conducci\u00f3n aut\u00f3noma<\/strong><\/p>\n<\/td>\n<\/tr>\n<tr>\n<td colspan=\"2\">\n<h2 style=\"text-align: center;\"><strong>Viernes 12 de noviembre<\/strong><\/h2>\n<\/td>\n<\/tr>\n<tr>\n<td>\n<p style=\"text-align: center;\">10:00-11:00<\/p>\n<\/td>\n<td style=\"text-align: center;\"><strong>Conferencia:<\/strong> <strong>Dr. Erick Axel Padilla Garc\u00eda<\/strong><\/p>\n<p><strong>Universidad Polit\u00e9cnica de Atlacomulco<\/strong><\/p>\n<p>Dise\u00f1o mecatr\u00f3nico de robots usando algoritmos evolutivos<\/td>\n<\/tr>\n<tr>\n<td style=\"text-align: center;\">11:00-12:00<\/td>\n<td>\n<p style=\"text-align: center;\"><strong>Conferencia: Dr. Alejandro Rodr\u00edguez \u00c1ngeles<\/strong><\/p>\n<p style=\"text-align: center;\"><strong>CINVESTAV<\/strong><\/p>\n<p>Retroalimentaci\u00f3n h\u00e1ptica en sistemas rob\u00f3ticos teleoperados<\/td>\n<\/tr>\n<tr>\n<td>\n<p style=\"text-align: center;\">12:00-12:15<\/p>\n<\/td>\n<td style=\"text-align: center;\">Sergio Isah\u00ed Garrido Casta\u00f1eda, Gabriel Sep\u00falveda Cervantes y Eduardo Vega Alvarado<\/p>\n<p><strong>Dise\u00f1o e implementaci\u00f3n de un sistema inal\u00e1mbrico de comunicaci\u00f3n entre un ambiente virtual y un agente en el mundo real<\/strong><\/td>\n<\/tr>\n<tr>\n<td style=\"text-align: center;\">12:15-12:30<\/td>\n<td>\n<p style=\"text-align: center;\">Jos\u00e9 Antonio Miranda Rodr\u00edguez, Carla Ivon Hern\u00e1ndez Guzm\u00e1n, Joel Alejandro Mata Serrano y Mario Alberto Hern\u00e1ndez Soriano<\/p>\n<p style=\"text-align: center;\"><strong>Desarrollo de una app de Realidad aumentada como herramienta para la formaci\u00f3n en Ingenier\u00eda<\/strong><\/p>\n<\/td>\n<\/tr>\n<tr>\n<td>\n<p style=\"text-align: center;\">12:30-12:45<\/p>\n<\/td>\n<td style=\"text-align: center;\">Reyna Soriano-Machorro, Luis Rolando Guarneros-Nolasco, Jos\u00e9 Luis S\u00e1nchez-Cervantes, Mar\u00eda Antonieta Abud Figueroa, Beatriz Alejandra Olivares Zepahua y Nancy Aracely Cruz-Ramos<\/p>\n<p><strong>Model for blood cholesterol concentration prediction using Mesoscopic simulation techniques with Dissipative Particle Dynamics (DPD) and Linear Regression<\/strong><\/td>\n<\/tr>\n<tr>\n<td style=\"text-align: center;\">12:45-13:00<\/td>\n<td>\n<p style=\"text-align: center;\">Jos\u00e9 Antonio Canseco Pinacho, Diana Margarita C\u00f3rdova Esparza y Jaqueline Reynosa Guerrero<\/p>\n<p style=\"text-align: center;\"><strong>An\u00e1lisis de m\u00e9todos para la sustracci\u00f3n de fondo y sus principales aplicaciones<\/strong><\/p>\n<\/td>\n<\/tr>\n<tr>\n<td>\n<p style=\"text-align: center;\">13:00-13:15<\/p>\n<\/td>\n<td style=\"text-align: center;\">Rodrigo Noronha<\/p>\n<p><strong>Direct Adaptive Inverse Control via Modified Variable Step Size FLMS Algorithm<\/strong><\/td>\n<\/tr>\n<tr>\n<td>\n<p style=\"text-align: center;\">13:15-13:30<\/p>\n<\/td>\n<td>\n<p style=\"text-align: center;\">Martin Escobar, Dami\u00e1n Primo, Dar\u00edo D\u00edaz y Diego Badino<\/p>\n<p style=\"text-align: center;\"><strong>C\u00e1lculo Predictivo de Trayectoria Aplicado a la Navegaci\u00f3n Inercial Asistida por GNSS<\/strong><\/p>\n<\/td>\n<\/tr>\n<tr>\n<td>\n<p style=\"text-align: center;\">13:30-13:45<\/p>\n<\/td>\n<td>\n<p style=\"text-align: center;\">Rodrigo Noronha<\/p>\n<p style=\"text-align: center;\"><strong>Adaptive Inverse Control Based on Second Order Volterra Model via Modified Variable Step Size Fractional LMS Algorithm<\/strong><\/p>\n<\/td>\n<\/tr>\n<tr>\n<td style=\"text-align: center;\">13:45-14:00<\/td>\n<td>\n<p style=\"text-align: center;\">Emmanuel Alejandro Mart\u00ednez Casillas<\/p>\n<p style=\"text-align: center;\"><strong>Open Data Analysis to identify behavior in water quality for Mexico City<\/strong><\/p>\n<\/td>\n<\/tr>\n<tr>\n<td>\n<p style=\"text-align: center;\"><span style=\"color: #808080;\"><strong>14:00-16:00<\/strong><\/span><\/p>\n<\/td>\n<td>\n<p style=\"text-align: center;\"><span style=\"color: #808080;\"><strong>Receso de actividades<\/strong><\/span><\/p>\n<\/td>\n<\/tr>\n<tr>\n<td>\n<p style=\"text-align: center;\">16:00-16:10<\/p>\n<\/td>\n<td style=\"text-align: center;\"><strong>Sesi\u00f3n de Carteles<\/strong><\/td>\n<\/tr>\n<tr>\n<td>\n<p style=\"text-align: center;\">16:10-16:25<\/p>\n<\/td>\n<td>\n<p style=\"text-align: center;\">Jorge Esteban Farf\u00e1n<\/p>\n<p style=\"text-align: center;\"><strong>Control difuso de un sistema de iluminaci\u00f3n operado por medio de la asistente virtual Alexa, para su posterior implementaci\u00f3n en un sistema dom\u00f3tico<\/strong><\/p>\n<\/td>\n<\/tr>\n<tr>\n<td style=\"text-align: center;\">16:25-16:40<\/td>\n<td>\n<p style=\"text-align: center;\">Gustavo Adolfo Mart\u00ednez Ch\u00e1vez<\/p>\n<p style=\"text-align: center;\"><strong>Empleo del Sensor LM35 para el Monitoreo de Temperatura Corporal, Experiencia en Paciente con SARS-COV-2<\/strong><\/p>\n<\/td>\n<\/tr>\n<tr>\n<td>\n<p style=\"text-align: center;\">16:40-16:55<\/p>\n<\/td>\n<td style=\"text-align: center;\">Joaqu\u00edn Ch\u00e1vez, Francisco Muro, Aldonso Becerra y Gustavo Zepeda<\/p>\n<p><strong>Aplicaci\u00f3n para el an\u00e1lisis y tendencias poblacionales del COVID-19 en M\u00e9xico por medio de miner\u00eda de datos<\/strong><\/td>\n<\/tr>\n<tr>\n<td style=\"text-align: center;\">16:55-17:10<\/td>\n<td>\n<p style=\"text-align: center;\">Carlos Venturino De Coss P\u00e9rez, \u00c1ngel Jes\u00fas Alfaro Nango, El\u00edas Neftal\u00ed Escobar G\u00f3mez, Sabino Vel\u00e1zquez Trujillo y Mariana Shuhua Chiu Meraz<\/p>\n<p style=\"text-align: center;\"><strong>Incremento de la productividad aplicando control de inventario<\/strong><\/p>\n<\/td>\n<\/tr>\n<tr>\n<td>\n<p style=\"text-align: center;\"><strong>17:10-17:25<\/strong><\/p>\n<\/td>\n<td>\n<p style=\"text-align: center;\"><strong>Clausura del evento<\/strong><\/p>\n<\/td>\n<\/tr>\n<\/tbody>\n<\/table>\n<p>&nbsp;<\/p>\n<p>&nbsp;<\/p>\n<table>\n<tbody>\n<tr>\n<td width=\"589\">\n<h2 style=\"text-align: center;\"><span style=\"color: #808080;\"><strong>Carteles<\/strong><\/span><\/h2>\n<\/td>\n<\/tr>\n<tr>\n<td width=\"589\">\n<p style=\"text-align: center;\">Andr\u00e9s Contreras Minor, Corrado Antonio Barreto Amenta and Angel Fernando Ram\u00edrez Monsalvo<\/p>\n<p style=\"text-align: center;\"><strong>Visualizaci\u00f3n de un flujo vectorial en GNU Octave<\/strong><\/p>\n<\/td>\n<\/tr>\n<tr>\n<td width=\"589\">\n<p style=\"text-align: center;\">Axel Yael Espino Garc\u00eda, Lia Irlanda Pallares Fern\u00e1ndez and Gustavo \u00c1ngel Jim\u00e9nez Gaspar<\/p>\n<p style=\"text-align: center;\"><strong>Oscilador arm\u00f3nico y su aplicaci\u00f3n en el an\u00e1lisis de vibraciones<\/strong><\/p>\n<\/td>\n<\/tr>\n<tr>\n<td width=\"589\">\n<p style=\"text-align: center;\">Erick Gabriel Reyes Pe\u00f1aloza, Olaf Abimael D\u00edaz V\u00e1zquez, Araceli Rivera Vel\u00e1zquez, Abraham Falc\u00f3n Flores, Ana Paula Nu\u00f1o Hern\u00e1ndez and Marcos Enrique Pati\u00f1o Morales<\/p>\n<p style=\"text-align: center;\"><strong>Transferencia de calor en estado estacionario<\/strong><\/p>\n<\/td>\n<\/tr>\n<tr>\n<td width=\"589\">\n<p style=\"text-align: center;\">Cesar Eduardo Cabrera Zanabria<\/p>\n<p style=\"text-align: center;\"><strong>Plagas de cultivo clasificadas por medio de YOLO<\/strong><\/p>\n<\/td>\n<\/tr>\n<tr>\n<td width=\"589\">\n<p style=\"text-align: center;\">Gustavo Moreno Pe\u00f1alosa and Rosa Mar\u00eda Woo Garc\u00eda<\/p>\n<p style=\"text-align: center;\"><strong>Panel de alarmas did\u00e1ctico para congelador industrial<\/strong><\/p>\n<\/td>\n<\/tr>\n<\/tbody>\n<\/table>\n<p>&nbsp;<\/p>\n<p style=\"text-align: center;\">La versi\u00f3n en PDF de este programa, puede descargarse del siguiente link.<\/p>\n<p style=\"text-align: center;\"><a href=\"http:\/\/virtual.cuautitlan.unam.mx\/intar\/ceiaait\/wp-content\/uploads\/sites\/14\/2021\/11\/Planeacion.pdf\"><strong>Descargar<\/strong><\/a><\/p>\n","protected":false},"excerpt":{"rendered":"<p>Programa del 4to. Congreso Estudiantil de Inteligencia Artificial Aplicada a la Ingenier\u00eda y Tecnolog\u00eda Horarios dados en la hora local, Ciudad de M\u00e9xico, M\u00e9xico. Jueves 11 de noviembre 10:00-10:30 Inauguraci\u00f3n 10:30-11:15 Conferencia: Dr. Marco Antonio Aceves Fern\u00e1ndez Universidad Aut\u00f3noma de Quer\u00e9taro El viaje hacia la inteligencia artificial: todo lo que debo llevar en mi mochila &hellip; <\/p>\n<p class=\"link-more\"><a href=\"https:\/\/virtual.cuautitlan.unam.mx\/intar\/ceiaait\/programa-general-2021\/\" class=\"more-link\">Continuar leyendo<span class=\"screen-reader-text\"> &#8220;Programa General 2021&#8221;<\/span><\/a><\/p>\n","protected":false},"author":3,"featured_media":0,"parent":0,"menu_order":0,"comment_status":"closed","ping_status":"closed","template":"","meta":{"footnotes":""},"class_list":["post-391","page","type-page","status-publish","hentry"],"_links":{"self":[{"href":"https:\/\/virtual.cuautitlan.unam.mx\/intar\/ceiaait\/wp-json\/wp\/v2\/pages\/391"}],"collection":[{"href":"https:\/\/virtual.cuautitlan.unam.mx\/intar\/ceiaait\/wp-json\/wp\/v2\/pages"}],"about":[{"href":"https:\/\/virtual.cuautitlan.unam.mx\/intar\/ceiaait\/wp-json\/wp\/v2\/types\/page"}],"author":[{"embeddable":true,"href":"https:\/\/virtual.cuautitlan.unam.mx\/intar\/ceiaait\/wp-json\/wp\/v2\/users\/3"}],"replies":[{"embeddable":true,"href":"https:\/\/virtual.cuautitlan.unam.mx\/intar\/ceiaait\/wp-json\/wp\/v2\/comments?post=391"}],"version-history":[{"count":12,"href":"https:\/\/virtual.cuautitlan.unam.mx\/intar\/ceiaait\/wp-json\/wp\/v2\/pages\/391\/revisions"}],"predecessor-version":[{"id":406,"href":"https:\/\/virtual.cuautitlan.unam.mx\/intar\/ceiaait\/wp-json\/wp\/v2\/pages\/391\/revisions\/406"}],"wp:attachment":[{"href":"https:\/\/virtual.cuautitlan.unam.mx\/intar\/ceiaait\/wp-json\/wp\/v2\/media?parent=391"}],"curies":[{"name":"wp","href":"https:\/\/api.w.org\/{rel}","templated":true}]}}