{"id":95,"date":"2015-07-28T18:23:39","date_gmt":"2015-07-28T18:23:39","guid":{"rendered":"http:\/\/helpinghands.skat.tf\/?page_id=95"},"modified":"2024-04-17T10:29:23","modified_gmt":"2024-04-17T16:29:23","slug":"voluntarios","status":"publish","type":"page","link":"https:\/\/virtual.cuautitlan.unam.mx\/donaciones\/index.php\/voluntarios\/","title":{"rendered":"VOLUNTARIOS"},"content":{"rendered":"<p>[vc_row centered=&#8221;yes&#8221; bg_type=&#8221;image&#8221; parallax_style=&#8221;vcpb-default&#8221; bg_image_new=&#8221;id^1512|url^https:\/\/virtual.cuautitlan.unam.mx\/donaciones\/wp-content\/uploads\/2024\/04\/FotosE-01_v2.jpg|caption^null|alt^null|title^FotosE|description^null&#8221; bg_image_repeat=&#8221;no-repeat&#8221; sd_bg_color=&#8221;&#8221;][vc_column]<div class=\"ult-spacer spacer-69d8900abfd0a\" data-id=\"69d8900abfd0a\" data-height=\"110\" data-height-mobile=\"50\" data-height-tab=\"\" data-height-tab-portrait=\"\" data-height-mobile-landscape=\"\" style=\"clear:both;display:block;\"><\/div><div id=\"ultimate-heading-714469d8900abfd51\" class=\"uvc-heading ult-adjust-bottom-margin ultimate-heading-714469d8900abfd51 uvc-5644 \" data-hspacer=\"no_spacer\"  data-halign=\"left\" style=\"text-align:left\"><div class=\"uvc-heading-spacer no_spacer\" style=\"top\"><\/div><div class=\"uvc-sub-heading ult-responsive\"  data-ultimate-target='.uvc-heading.ultimate-heading-714469d8900abfd51 .uvc-sub-heading '  data-responsive-json-new='{\"font-size\":\"desktop:18px;\",\"line-height\":\"desktop:18px;\"}'  style=\"font-family:&#039;Montserrat&#039;;font-weight:700;\"><\/p>\n<p class=\"sd-text-bg-white\">DONADORES<\/p>\n<p><\/div><\/div><div class=\"ult-spacer spacer-69d8900abfdaa\" data-id=\"69d8900abfdaa\" data-height=\"110\" data-height-mobile=\"50\" data-height-tab=\"\" data-height-tab-portrait=\"\" data-height-mobile-landscape=\"\" style=\"clear:both;display:block;\"><\/div>[\/vc_column][\/vc_row][vc_row centered=&#8221;yes&#8221;][vc_column]<div class=\"ult-spacer spacer-69d8900abfdc9\" data-id=\"69d8900abfdc9\" data-height=\"70\" data-height-mobile=\"70\" data-height-tab=\"70\" data-height-tab-portrait=\"\" data-height-mobile-landscape=\"\" style=\"clear:both;display:block;\"><\/div>[vc_row_inner][vc_column_inner width=&#8221;1\/2&#8243;]<div id=\"ultimate-heading-953369d8900abfdfa\" class=\"uvc-heading ult-adjust-bottom-margin ultimate-heading-953369d8900abfdfa uvc-7992 \" data-hspacer=\"no_spacer\"  data-halign=\"left\" style=\"text-align:left\"><div class=\"uvc-heading-spacer no_spacer\" style=\"top\"><\/div><div class=\"uvc-main-heading ult-responsive\"  data-ultimate-target='.uvc-heading.ultimate-heading-953369d8900abfdfa h3'  data-responsive-json-new='{\"font-size\":\"desktop:24px;\",\"line-height\":\"desktop:36px;\"}' ><h3 style=\"font-family:&#039;Montserrat&#039;;font-weight:700;margin-bottom:15px;\">FES CUAUTITL\u00c1N NUESTRA GRAN CAUSA<\/h3><\/div><\/div><div id=\"ultimate-heading-762869d8900abfe57\" class=\"uvc-heading ult-adjust-bottom-margin ultimate-heading-762869d8900abfe57 uvc-9816 \" data-hspacer=\"no_spacer\"  data-halign=\"left\" style=\"text-align:left\"><div class=\"uvc-heading-spacer no_spacer\" style=\"top\"><\/div><div class=\"uvc-sub-heading ult-responsive\"  data-ultimate-target='.uvc-heading.ultimate-heading-762869d8900abfe57 .uvc-sub-heading '  data-responsive-json-new='{\"font-size\":\"desktop:18px;\",\"line-height\":\"desktop:20px;\"}'  style=\"font-weight:700;color:#445061;margin-bottom:25px;\">La UNAM como la Universidad de la naci\u00f3n recibe anualmente del Gobierno Federal ingresos, subsidios y subvenciones, en tanto, la propia instituci\u00f3n genera sus ingresos extraordinarios por productos, servicios de educaci\u00f3n y derivados de \u00e9stos. Las donaciones, normadas en la Legislaci\u00f3n Universitaria, representan otra fuente de ingresos para la Universidad.<\/div><\/div><div id=\"ultimate-heading-930669d8900abfe90\" class=\"uvc-heading ult-adjust-bottom-margin ultimate-heading-930669d8900abfe90 uvc-4993 \" data-hspacer=\"no_spacer\"  data-halign=\"left\" style=\"text-align:left\"><div class=\"uvc-heading-spacer no_spacer\" style=\"top\"><\/div><div class=\"uvc-sub-heading ult-responsive\"  data-ultimate-target='.uvc-heading.ultimate-heading-930669d8900abfe90 .uvc-sub-heading '  data-responsive-json-new='{\"font-size\":\"desktop:18px;\",\"line-height\":\"desktop:20px;\"}'  style=\"font-weight:700;color:#445061;margin-bottom:25px;\">Ayudamos a cumplir los sue\u00f1os de miles de estudiantes; participa y contribuye a su desarrollo cient\u00edfico, acad\u00e9mico y cultural.<\/div><\/div><div id=\"ultimate-heading-103469d8900abfec3\" class=\"uvc-heading ult-adjust-bottom-margin ultimate-heading-103469d8900abfec3 uvc-1903 \" data-hspacer=\"no_spacer\"  data-halign=\"left\" style=\"text-align:left\"><div class=\"uvc-heading-spacer no_spacer\" style=\"top\"><\/div><div class=\"uvc-sub-heading ult-responsive\"  data-ultimate-target='.uvc-heading.ultimate-heading-103469d8900abfec3 .uvc-sub-heading '  data-responsive-json-new='{\"font-size\":\"desktop:18px;\",\"line-height\":\"desktop:20px;\"}'  style=\"font-weight:700;color:#445061;margin-bottom:25px;\">Ser Donador Recurrente FES Cuautitl\u00e1n te otorga descuentos en diversos cursos, idiomas, deportes o talleres culturales que oferta la Facultad.<\/div><\/div>[vc_images_carousel images=&#8221;1147,1145,999,1334,1330&#8243; img_size=&#8221;full&#8221; autoplay=&#8221;yes&#8221; hide_prev_next_buttons=&#8221;yes&#8221;]<div id=\"ultimate-heading-635569d8900abfef8\" class=\"uvc-heading ult-adjust-bottom-margin ultimate-heading-635569d8900abfef8 uvc-8771 \" data-hspacer=\"no_spacer\"  data-halign=\"left\" style=\"text-align:left\"><div class=\"uvc-heading-spacer no_spacer\" style=\"top\"><\/div><div class=\"uvc-main-heading ult-responsive\"  data-ultimate-target='.uvc-heading.ultimate-heading-635569d8900abfef8 h3'  data-responsive-json-new='{\"font-size\":\"desktop:24px;\",\"line-height\":\"desktop:36px;\"}' ><h3 style=\"font-family:&#039;Montserrat&#039;;font-weight:700;margin-bottom:15px;\">NUESTROS DONADORES<\/h3><\/div><\/div>[vc_column_text]<strong>* EGRESADOS DE TODAS LAS CARRERAS DE LA FES CUAUTITL\u00c1N<\/strong><\/p>\n<p><strong>* ASOCIACI\u00d3N NACIONAL DE EGRESADOS DE MVZ FESC UNAM A.C.<br \/>\n<\/strong>Presidenta: A\u00edda Beatriz \u00c1lvarez Salas<br \/>\nanemvzfescunamac@gmail.com<br \/>\nexalmvzfesc.org.mx<\/p>\n<p><strong>* ASOCIACI\u00d3N DE EGRESADOS DE INGENIER\u00cdA AGR\u00cdCOLA M\u00c9XICO (ASEINAM, A.C.)<br \/>\n<\/strong>Presidenta: Er\u00e9ndira L\u00f3pez G\u00f3mez Tagle<br \/>\nTwitter: @aseinam<\/p>\n<p>&nbsp;[\/vc_column_text][\/vc_column_inner][vc_column_inner width=&#8221;1\/2&#8243;]\n<div class=\"wpcf7 no-js\" id=\"wpcf7-f1178-o1\" lang=\"es-MX\" dir=\"ltr\" data-wpcf7-id=\"1178\">\n<div class=\"screen-reader-response\"><p role=\"status\" aria-live=\"polite\" aria-atomic=\"true\"><\/p> <ul><\/ul><\/div>\n<form action=\"\/donaciones\/index.php\/wp-json\/wp\/v2\/pages\/95#wpcf7-f1178-o1\" method=\"post\" class=\"wpcf7-form init\" aria-label=\"Formulario de contacto\" novalidate=\"novalidate\" data-status=\"init\">\n<div style=\"display: none;\">\n<input type=\"hidden\" name=\"_wpcf7\" value=\"1178\" \/>\n<input type=\"hidden\" name=\"_wpcf7_version\" value=\"6.0.5\" \/>\n<input type=\"hidden\" name=\"_wpcf7_locale\" value=\"es_MX\" \/>\n<input type=\"hidden\" name=\"_wpcf7_unit_tag\" value=\"wpcf7-f1178-o1\" \/>\n<input type=\"hidden\" name=\"_wpcf7_container_post\" value=\"0\" \/>\n<input type=\"hidden\" name=\"_wpcf7_posted_data_hash\" value=\"\" \/>\n<\/div>\n<p><label> Nombre<br \/>\n<span class=\"wpcf7-form-control-wrap\" data-name=\"your-name\"><input size=\"40\" maxlength=\"400\" class=\"wpcf7-form-control wpcf7-text wpcf7-validates-as-required\" autocomplete=\"name\" aria-required=\"true\" aria-invalid=\"false\" value=\"\" type=\"text\" name=\"your-name\" \/><\/span> <\/label>\n<\/p>\n<p><label> Correo electr\u00f3nico<br \/>\n<span class=\"wpcf7-form-control-wrap\" data-name=\"your-email\"><input size=\"40\" maxlength=\"400\" class=\"wpcf7-form-control wpcf7-email wpcf7-validates-as-required wpcf7-text wpcf7-validates-as-email\" autocomplete=\"email\" aria-required=\"true\" aria-invalid=\"false\" value=\"\" type=\"email\" name=\"your-email\" \/><\/span> <\/label>\n<\/p>\n<p><label> Tel\u00e9fono<br \/>\n<span class=\"wpcf7-form-control-wrap\" data-name=\"tel-244\"><input size=\"40\" maxlength=\"400\" class=\"wpcf7-form-control wpcf7-tel wpcf7-validates-as-required wpcf7-text wpcf7-validates-as-tel\" aria-required=\"true\" aria-invalid=\"false\" value=\"\" type=\"tel\" name=\"tel-244\" \/><\/span> <\/label>\n<\/p>\n<p><label> Domicilio (opcional)<br \/>\n<span class=\"wpcf7-form-control-wrap\" data-name=\"your-message\"><textarea cols=\"40\" rows=\"10\" maxlength=\"2000\" class=\"wpcf7-form-control wpcf7-textarea\" aria-invalid=\"false\" name=\"your-message\"><\/textarea><\/span> <\/label>\n<\/p>\n<p><input class=\"wpcf7-form-control wpcf7-submit has-spinner\" type=\"submit\" value=\"Env\u00eda tus datos\" \/>\n<\/p><div class=\"wpcf7-response-output\" aria-hidden=\"true\"><\/div>\n<\/form>\n<\/div>\n[\/vc_column_inner][\/vc_row_inner][\/vc_column][\/vc_row][vc_row centered=&#8221;yes&#8221; sd_margin_bottom=&#8221;100px&#8221;][vc_column width=&#8221;1\/2&#8243; css=&#8221;.vc_custom_1438294161924{padding-right: 0px !important;}&#8221;]<div class=\"ult-content-box-container \" >\t\t<div class=\"ult-content-box\" style=\"background-color:#f1f5fa;box-shadow: px px px px rgb(247, 247, 247) none;padding:30px;-webkit-transition: all 700ms ease;-moz-transition: all 700ms ease;-ms-transition: all 700ms ease;-o-transition: all 700ms ease;transition: all 700ms ease;\"  data-hover_box_shadow=\"none\"     data-bg=\"#f1f5fa\" >[vc_column_text css=&#8221;.vc_custom_1710874550430{margin-bottom: 0px !important;}&#8221;]<\/p>\n<h4>\u00bfDudas o preguntas? Ll\u00e1manos al 5533534753<\/h4>\n<p>[\/vc_column_text]\t\t<\/div><\/div>[\/vc_column][vc_column width=&#8221;1\/2&#8243; css=&#8221;.vc_custom_1438294123374{padding-left: 0px !important;}&#8221;]<div class=\"ult-content-box-container \" >\t\t<div class=\"ult-content-box\" style=\"background-color:#e7edf5;box-shadow: px px px px #f7f7f7 none;padding:30px;-webkit-transition: all 700ms ease;-moz-transition: all 700ms ease;-ms-transition: all 700ms ease;-o-transition: all 700ms ease;transition: all 700ms ease;\"  data-hover_box_shadow=\"none\"     data-bg=\"#e7edf5\" >\t\t<\/div><\/div>[vc_column_text][\/vc_column_text][\/vc_column][\/vc_row][vc_row bg_type=&#8221;bg_color&#8221; bg_color_value=&#8221;#000149&#8243; css=&#8221;.vc_custom_1713371357312{margin-top: 20px !important;padding-right: 40px !important;}&#8221;][vc_column width=&#8221;1\/4&#8243;][vc_single_image image=&#8221;674&#8243; alignment=&#8221;center&#8221; css=&#8221;.vc_custom_1712972858216{margin-top: 20px !important;}&#8221;][\/vc_column][vc_column width=&#8221;1\/4&#8243;]<div id=\"ultimate-heading-531569d8900ac0880\" class=\"uvc-heading ult-adjust-bottom-margin ultimate-heading-531569d8900ac0880 uvc-1421 \" data-hspacer=\"no_spacer\"  data-halign=\"left\" style=\"text-align:left\"><div class=\"uvc-heading-spacer no_spacer\" style=\"top\"><\/div><div class=\"uvc-main-heading ult-responsive\"  data-ultimate-target='.uvc-heading.ultimate-heading-531569d8900ac0880 h4'  data-responsive-json-new='{\"font-size\":\"\",\"line-height\":\"\"}' ><h4 style=\"font-family:&#039;Montserrat&#039;;font-weight:700;color:#cecece;margin-top:2em;\">AVISO DE PRIVACIDAD<\/h4><\/div><\/div>[vc_column_text css=&#8221;.vc_custom_1712973221654{margin-top: 20px !important;}&#8221;]<span style=\"color: #cecece;\">La Facultad de Estudios Superiores Cuautitl\u00e1n de la UNAM es responsable del tratamiento de sus datos personales obtenidos a trav\u00e9s del Comit\u00e9 de Donaciones FES Cuautitl\u00e1n, los cuales ser\u00e1n utilizados con prop\u00f3sitos acad\u00e9micos, estad\u00edsticos y para control administrativo, en el ejercicio de las funciones sustantivas de esta entidad universitaria.<\/span>[\/vc_column_text]<div class=\" ubtn-ctn-left \"><a class=\"ubtn-link ult-adjust-bottom-margin ubtn-left ubtn-normal \" href=\"https:\/\/virtual.cuautitlan.unam.mx\/donaciones\/wp-content\/uploads\/2024\/03\/Aviso_privacidad_integral.pdf\" target=\"_blank\" rel=\"noopener\" ><button type=\"button\" id=\"ubtn-1584\"  class=\"ubtn ult-adjust-bottom-margin ult-responsive ubtn-normal ubtn-no-hover-bg  none  ubtn-left   tooltip-69d8900ac08d6 ubtn-tooltip left\" data-toggle=\"tooltip\" data-placement=\"left\" title=\"\" data-hover=\"\" data-border-color=\"\" data-bg=\"#000149\" data-hover-bg=\"\" data-border-hover=\"\" data-shadow-hover=\"\" data-shadow-click=\"none\" data-shadow=\"\" data-shd-shadow=\"\"  data-ultimate-target='#ubtn-1584'  data-responsive-json-new='{\"font-size\":\"desktop:16px;\",\"line-height\":\"desktop:24px;\"}'  style=\"font-family:&#039;Montserrat&#039;;font-weight:700;border-radius:4px;border-width:1px;border-color:;border-style:outset;background: #000149;color: #e8e8e8;\"><span class=\"ubtn-hover\" style=\"background-color:\"><\/span><span class=\"ubtn-data ubtn-text \" >VER EL AVISO COMPLETO<\/span><\/button><\/a><\/div>[\/vc_column][vc_column width=&#8221;1\/4&#8243;]<div id=\"ultimate-heading-341069d8900ac0972\" class=\"uvc-heading ult-adjust-bottom-margin ultimate-heading-341069d8900ac0972 uvc-5421 \" data-hspacer=\"no_spacer\"  data-halign=\"left\" style=\"text-align:left\"><div class=\"uvc-heading-spacer no_spacer\" style=\"top\"><\/div><div class=\"uvc-main-heading ult-responsive\"  data-ultimate-target='.uvc-heading.ultimate-heading-341069d8900ac0972 h4'  data-responsive-json-new='{\"font-size\":\"\",\"line-height\":\"\"}' ><h4 style=\"font-family:&#039;Montserrat&#039;;font-weight:700;color:#cecece;margin-top:2em;\">CONT\u00c1CTANOS<\/h4><\/div><\/div>[vc_column_text css=&#8221;.vc_custom_1712973299920{margin-top: 20px !important;}&#8221;]<span style=\"color: #cecece;\">Comit\u00e9 de Donaciones FES Cuautitl\u00e1n<\/span><br \/>\n<span style=\"color: #cecece;\">Edificio de Gobierno, planta alta<\/span><br \/>\n<span style=\"color: #cecece;\">Tel. 55 5623 1834<\/span><br \/>\n<span class=\"sd-light\" style=\"color: #ffffff;\"><a style=\"color: #ffffff;\" title=\"Email Us\" href=\"mailto:don%61ci%6fn%65%73%40%63uau%74itl%61%6e%2e%75%6e%61m%2em%78\">donaciones@cuautitlan.unam.mx<\/a><\/span>[\/vc_column_text][\/vc_column][vc_column width=&#8221;1\/4&#8243;]<div id=\"ultimate-heading-731469d8900ac09b8\" class=\"uvc-heading ult-adjust-bottom-margin ultimate-heading-731469d8900ac09b8 uvc-3429 \" data-hspacer=\"no_spacer\"  data-halign=\"left\" style=\"text-align:left\"><div class=\"uvc-heading-spacer no_spacer\" style=\"top\"><\/div><div class=\"uvc-main-heading ult-responsive\"  data-ultimate-target='.uvc-heading.ultimate-heading-731469d8900ac09b8 h4'  data-responsive-json-new='{\"font-size\":\"\",\"line-height\":\"\"}' ><h4 style=\"font-family:&#039;Montserrat&#039;;font-weight:700;color:#cecece;margin-top:2em;\">CR\u00c9DITOS<\/h4><\/div><\/div>[vc_column_text css=&#8221;.vc_custom_1712973327189{margin-top: 20px !important;}&#8221;]<span style=\"color: #cecece;\">Desarrollado por el Departamento de Gesti\u00f3n del SUAyED de la FES Cuautitl\u00e1n.<\/span>[\/vc_column_text][vc_single_image image=&#8221;667&#8243; img_size=&#8221;150&#215;50&#8243; onclick=&#8221;custom_link&#8221; img_link_target=&#8221;_blank&#8221; link=&#8221;https:\/\/suayed.cuautitlan.unam.mx\/&#8221;][\/vc_column][\/vc_row]<\/p>\n","protected":false},"excerpt":{"rendered":"<p>[vc_row centered=&#8221;yes&#8221; bg_type=&#8221;image&#8221; parallax_style=&#8221;vcpb-default&#8221; bg_image_new=&#8221;id^1512|url^https:\/\/virtual.cuautitlan.unam.mx\/donaciones\/wp-content\/uploads\/2024\/04\/FotosE-01_v2.jpg|caption^null|alt^null|title^FotosE|description^null&#8221; bg_image_repeat=&#8221;no-repeat&#8221; sd_bg_color=&#8221;&#8221;][vc_column][\/vc_column][\/vc_row][vc_row centered=&#8221;yes&#8221;][vc_column][vc_row_inner][vc_column_inner width=&#8221;1\/2&#8243;][vc_images_carousel images=&#8221;1147,1145,999,1334,1330&#8243; img_size=&#8221;full&#8221; autoplay=&#8221;yes&#8221; hide_prev_next_buttons=&#8221;yes&#8221;][vc_column_text]* EGRESADOS DE TODAS LAS CARRERAS DE LA FES CUAUTITL\u00c1N * ASOCIACI\u00d3N NACIONAL DE EGRESADOS DE MVZ FESC UNAM A.C. Presidenta: A\u00edda Beatriz \u00c1lvarez Salas anemvzfescunamac@gmail.com exalmvzfesc.org.mx * ASOCIACI\u00d3N DE EGRESADOS DE INGENIER\u00cdA AGR\u00cdCOLA M\u00c9XICO (ASEINAM, A.C.) Presidenta:<\/p>\n<p><a class=\"sd-more sd-all-trans\" href=\"https:\/\/virtual.cuautitlan.unam.mx\/donaciones\/index.php\/voluntarios\/#more-95\">Read More<\/a><\/p>\n","protected":false},"author":1,"featured_media":0,"parent":0,"menu_order":0,"comment_status":"open","ping_status":"open","template":"full-width-page.php","meta":{"footnotes":""},"class_list":["post-95","page","type-page","status-publish","hentry"],"_links":{"self":[{"href":"https:\/\/virtual.cuautitlan.unam.mx\/donaciones\/index.php\/wp-json\/wp\/v2\/pages\/95","targetHints":{"allow":["GET"]}}],"collection":[{"href":"https:\/\/virtual.cuautitlan.unam.mx\/donaciones\/index.php\/wp-json\/wp\/v2\/pages"}],"about":[{"href":"https:\/\/virtual.cuautitlan.unam.mx\/donaciones\/index.php\/wp-json\/wp\/v2\/types\/page"}],"author":[{"embeddable":true,"href":"https:\/\/virtual.cuautitlan.unam.mx\/donaciones\/index.php\/wp-json\/wp\/v2\/users\/1"}],"replies":[{"embeddable":true,"href":"https:\/\/virtual.cuautitlan.unam.mx\/donaciones\/index.php\/wp-json\/wp\/v2\/comments?post=95"}],"version-history":[{"count":64,"href":"https:\/\/virtual.cuautitlan.unam.mx\/donaciones\/index.php\/wp-json\/wp\/v2\/pages\/95\/revisions"}],"predecessor-version":[{"id":1547,"href":"https:\/\/virtual.cuautitlan.unam.mx\/donaciones\/index.php\/wp-json\/wp\/v2\/pages\/95\/revisions\/1547"}],"wp:attachment":[{"href":"https:\/\/virtual.cuautitlan.unam.mx\/donaciones\/index.php\/wp-json\/wp\/v2\/media?parent=95"}],"curies":[{"name":"wp","href":"https:\/\/api.w.org\/{rel}","templated":true}]}}