{"id":1321,"date":"2021-11-21T15:14:41","date_gmt":"2021-11-21T15:14:41","guid":{"rendered":"https:\/\/virtual.cuautitlan.unam.mx\/departamentodcv\/index.php\/services\/"},"modified":"2024-09-09T17:49:31","modified_gmt":"2024-09-09T17:49:31","slug":"conectadcv-delgado-coellar","status":"publish","type":"page","link":"https:\/\/virtual.cuautitlan.unam.mx\/departamentodcv\/conectadcv-delgado-coellar\/","title":{"rendered":"CONECTA DCV DELGADO COELLAR"},"content":{"rendered":"\t\t<div data-elementor-type=\"wp-page\" data-elementor-id=\"1321\" class=\"elementor elementor-1321\">\n\t\t\t\t<div class=\"elementor-element elementor-element-5042f9b e-flex e-con-boxed e-con e-parent\" data-id=\"5042f9b\" data-element_type=\"container\">\n\t\t\t\t\t<div class=\"e-con-inner\">\n\t\t\t\t\t<\/div>\n\t\t\t\t<\/div>\n\t\t<div class=\"elementor-element elementor-element-d6f274c e-flex e-con-boxed e-con e-parent\" data-id=\"d6f274c\" data-element_type=\"container\">\n\t\t\t\t\t<div class=\"e-con-inner\">\n\t\t\t\t<div class=\"elementor-element elementor-element-d7ec4c4 elementor-align-right elementor-widget elementor-widget-button\" data-id=\"d7ec4c4\" data-element_type=\"widget\" data-widget_type=\"button.default\">\n\t\t\t\t<div class=\"elementor-widget-container\">\n\t\t\t\t\t<div class=\"elementor-button-wrapper\">\n\t\t\t<a class=\"elementor-button elementor-button-link elementor-size-sm\" href=\"https:\/\/virtual.cuautitlan.unam.mx\/departamentodcv\/conectadcv\/\" id=\"Volver\">\n\t\t\t\t\t\t<span class=\"elementor-button-content-wrapper\">\n\t\t\t\t\t\t<span class=\"elementor-button-icon elementor-align-icon-left\">\n\t\t\t\t<svg aria-hidden=\"true\" class=\"e-font-icon-svg e-fas-arrow-left\" viewBox=\"0 0 448 512\" xmlns=\"http:\/\/www.w3.org\/2000\/svg\"><path d=\"M257.5 445.1l-22.2 22.2c-9.4 9.4-24.6 9.4-33.9 0L7 273c-9.4-9.4-9.4-24.6 0-33.9L201.4 44.7c9.4-9.4 24.6-9.4 33.9 0l22.2 22.2c9.5 9.5 9.3 25-.4 34.3L136.6 216H424c13.3 0 24 10.7 24 24v32c0 13.3-10.7 24-24 24H136.6l120.5 114.8c9.8 9.3 10 24.8.4 34.3z\"><\/path><\/svg>\t\t\t<\/span>\n\t\t\t\t\t\t\t\t\t<span class=\"elementor-button-text\">Volver<\/span>\n\t\t\t\t\t<\/span>\n\t\t\t\t\t<\/a>\n\t\t<\/div>\n\t\t\t\t<\/div>\n\t\t\t\t<\/div>\n\t\t\t\t<div class=\"elementor-element elementor-element-7a0cc9a elementor-widget-divider--view-line elementor-widget elementor-widget-divider\" data-id=\"7a0cc9a\" data-element_type=\"widget\" data-widget_type=\"divider.default\">\n\t\t\t\t<div class=\"elementor-widget-container\">\n\t\t\t<style>\/*! elementor - v3.21.0 - 30-04-2024 *\/\n.elementor-widget-divider{--divider-border-style:none;--divider-border-width:1px;--divider-color:#0c0d0e;--divider-icon-size:20px;--divider-element-spacing:10px;--divider-pattern-height:24px;--divider-pattern-size:20px;--divider-pattern-url:none;--divider-pattern-repeat:repeat-x}.elementor-widget-divider .elementor-divider{display:flex}.elementor-widget-divider .elementor-divider__text{font-size:15px;line-height:1;max-width:95%}.elementor-widget-divider .elementor-divider__element{margin:0 var(--divider-element-spacing);flex-shrink:0}.elementor-widget-divider .elementor-icon{font-size:var(--divider-icon-size)}.elementor-widget-divider .elementor-divider-separator{display:flex;margin:0;direction:ltr}.elementor-widget-divider--view-line_icon .elementor-divider-separator,.elementor-widget-divider--view-line_text .elementor-divider-separator{align-items:center}.elementor-widget-divider--view-line_icon .elementor-divider-separator:after,.elementor-widget-divider--view-line_icon .elementor-divider-separator:before,.elementor-widget-divider--view-line_text .elementor-divider-separator:after,.elementor-widget-divider--view-line_text .elementor-divider-separator:before{display:block;content:\"\";border-block-end:0;flex-grow:1;border-block-start:var(--divider-border-width) var(--divider-border-style) var(--divider-color)}.elementor-widget-divider--element-align-left .elementor-divider .elementor-divider-separator>.elementor-divider__svg:first-of-type{flex-grow:0;flex-shrink:100}.elementor-widget-divider--element-align-left .elementor-divider-separator:before{content:none}.elementor-widget-divider--element-align-left .elementor-divider__element{margin-left:0}.elementor-widget-divider--element-align-right .elementor-divider .elementor-divider-separator>.elementor-divider__svg:last-of-type{flex-grow:0;flex-shrink:100}.elementor-widget-divider--element-align-right .elementor-divider-separator:after{content:none}.elementor-widget-divider--element-align-right .elementor-divider__element{margin-right:0}.elementor-widget-divider--element-align-start .elementor-divider .elementor-divider-separator>.elementor-divider__svg:first-of-type{flex-grow:0;flex-shrink:100}.elementor-widget-divider--element-align-start .elementor-divider-separator:before{content:none}.elementor-widget-divider--element-align-start .elementor-divider__element{margin-inline-start:0}.elementor-widget-divider--element-align-end .elementor-divider .elementor-divider-separator>.elementor-divider__svg:last-of-type{flex-grow:0;flex-shrink:100}.elementor-widget-divider--element-align-end .elementor-divider-separator:after{content:none}.elementor-widget-divider--element-align-end .elementor-divider__element{margin-inline-end:0}.elementor-widget-divider:not(.elementor-widget-divider--view-line_text):not(.elementor-widget-divider--view-line_icon) .elementor-divider-separator{border-block-start:var(--divider-border-width) var(--divider-border-style) var(--divider-color)}.elementor-widget-divider--separator-type-pattern{--divider-border-style:none}.elementor-widget-divider--separator-type-pattern.elementor-widget-divider--view-line .elementor-divider-separator,.elementor-widget-divider--separator-type-pattern:not(.elementor-widget-divider--view-line) .elementor-divider-separator:after,.elementor-widget-divider--separator-type-pattern:not(.elementor-widget-divider--view-line) .elementor-divider-separator:before,.elementor-widget-divider--separator-type-pattern:not([class*=elementor-widget-divider--view]) .elementor-divider-separator{width:100%;min-height:var(--divider-pattern-height);-webkit-mask-size:var(--divider-pattern-size) 100%;mask-size:var(--divider-pattern-size) 100%;-webkit-mask-repeat:var(--divider-pattern-repeat);mask-repeat:var(--divider-pattern-repeat);background-color:var(--divider-color);-webkit-mask-image:var(--divider-pattern-url);mask-image:var(--divider-pattern-url)}.elementor-widget-divider--no-spacing{--divider-pattern-size:auto}.elementor-widget-divider--bg-round{--divider-pattern-repeat:round}.rtl .elementor-widget-divider .elementor-divider__text{direction:rtl}.e-con-inner>.elementor-widget-divider,.e-con>.elementor-widget-divider{width:var(--container-widget-width,100%);--flex-grow:var(--container-widget-flex-grow)}<\/style>\t\t<div class=\"elementor-divider\">\n\t\t\t<span class=\"elementor-divider-separator\">\n\t\t\t\t\t\t<\/span>\n\t\t<\/div>\n\t\t\t\t<\/div>\n\t\t\t\t<\/div>\n\t\t\t\t\t<\/div>\n\t\t\t\t<\/div>\n\t\t<div class=\"elementor-element elementor-element-011ed18 e-flex e-con-boxed e-con e-parent\" data-id=\"011ed18\" data-element_type=\"container\">\n\t\t\t\t\t<div class=\"e-con-inner\">\n\t\t<div class=\"elementor-element elementor-element-b79401c e-grid e-con-boxed e-con e-child\" data-id=\"b79401c\" data-element_type=\"container\">\n\t\t\t\t\t<div class=\"e-con-inner\">\n\t\t<div class=\"elementor-element elementor-element-32c669c e-flex e-con-boxed e-con e-child\" data-id=\"32c669c\" data-element_type=\"container\">\n\t\t\t\t\t<div class=\"e-con-inner\">\n\t\t\t\t<div class=\"elementor-element elementor-element-1a01075 elementor-widget elementor-widget-heading\" data-id=\"1a01075\" data-element_type=\"widget\" data-widget_type=\"heading.default\">\n\t\t\t\t<div class=\"elementor-widget-container\">\n\t\t\t<style>\/*! elementor - v3.21.0 - 30-04-2024 *\/\n.elementor-heading-title{padding:0;margin:0;line-height:1}.elementor-widget-heading .elementor-heading-title[class*=elementor-size-]>a{color:inherit;font-size:inherit;line-height:inherit}.elementor-widget-heading .elementor-heading-title.elementor-size-small{font-size:15px}.elementor-widget-heading .elementor-heading-title.elementor-size-medium{font-size:19px}.elementor-widget-heading .elementor-heading-title.elementor-size-large{font-size:29px}.elementor-widget-heading .elementor-heading-title.elementor-size-xl{font-size:39px}.elementor-widget-heading .elementor-heading-title.elementor-size-xxl{font-size:59px}<\/style><h2 class=\"elementor-heading-title elementor-size-default\">ALMA ELISA <br>DELGADO COELLAR<\/h2>\t\t<\/div>\n\t\t\t\t<\/div>\n\t\t\t\t<div class=\"elementor-element elementor-element-95ea320 elementor-widget elementor-widget-text-editor\" data-id=\"95ea320\" data-element_type=\"widget\" data-widget_type=\"text-editor.default\">\n\t\t\t\t<div class=\"elementor-widget-container\">\n\t\t\t<style>\/*! elementor - v3.21.0 - 30-04-2024 *\/\n.elementor-widget-text-editor.elementor-drop-cap-view-stacked .elementor-drop-cap{background-color:#69727d;color:#fff}.elementor-widget-text-editor.elementor-drop-cap-view-framed .elementor-drop-cap{color:#69727d;border:3px solid;background-color:transparent}.elementor-widget-text-editor:not(.elementor-drop-cap-view-default) .elementor-drop-cap{margin-top:8px}.elementor-widget-text-editor:not(.elementor-drop-cap-view-default) .elementor-drop-cap-letter{width:1em;height:1em}.elementor-widget-text-editor .elementor-drop-cap{float:left;text-align:center;line-height:1;font-size:50px}.elementor-widget-text-editor .elementor-drop-cap-letter{display:inline-block}<\/style>\t\t\t\t<p><strong>Modalidad Presencial y a Distancia<\/strong><\/p><p>\u00a0<\/p><p style=\"text-align: left;\"><span style=\"font-weight: 400;\">Miembro del Sistema Nacional de Investigadores Nivel Candidata. Es Posdoctora en Investigaci\u00f3n por la Universidad Pedag\u00f3gica Libertador (UPEL). Es Doctora en Arte y Cultura por la Universidad de Guanajuato (programa interinstitucional perteneciente a los Posgrados de Calidad de CONAHCyT) y Doctora en Educaci\u00f3n (SEP). Es Maestra en Artes Visuales por la Facultad de Artes y Dise\u00f1o de la Universidad Nacional Aut\u00f3noma de M\u00e9xico (UNAM); Maestra en Comunicaci\u00f3n con Medios Virtuales por el Instituto de Investigaci\u00f3n en Comunicaci\u00f3n y Cultura; y M\u00e1ster en Sistemas de Formaci\u00f3n Presencial, a Distancia y E-learning por la Asociaci\u00f3n Nacional de Centros de Educaci\u00f3n a Distancia (ANCED, Espa\u00f1a). Egresada de la licenciatura de Dise\u00f1o y Comunicaci\u00f3n Visual (FES Cuautitl\u00e1n-UNAM) y tambi\u00e9n es egresada de la licenciatura en Educaci\u00f3n e Innovaci\u00f3n Pedag\u00f3gica de la Universidad Pedag\u00f3gica Nacional (UPN). Cuenta con estudios de licenciatura en Arquitectura por la Universidad Aut\u00f3noma Metropolitana (UAM). Es acad\u00e9mico e investigador de licenciatura y posgrado contrastando su labor como docente con el trabajo como profesional en el dise\u00f1o y las artes gr\u00e1ficas como productora, editora de publicaciones, directora de arte y gesti\u00f3n del dise\u00f1o. Ha participado en eventos nacionales e internacionales, publicando trabajos y colaborado en asociaciones civiles con temas de cultura de paz y construcci\u00f3n de ciudadan\u00eda. Actualmente es Profesora de Carrera de Tiempo Completo adscrita al Departamento de Dise\u00f1o y Comunicaci\u00f3n Visual de la FES Cuautitl\u00e1n, UNAM; miembro de la Asociaci\u00f3n Latinoamericana de Dise\u00f1o (ALADI) desde 2019; miembro fundador del Seminario Interdisciplinario de Arte y Dise\u00f1o (FESC-UNAM), as\u00ed como Editora Responsable de la Revista de Estudios Interdisciplinarios del Arte, Dise\u00f1o y la Cultura (REIADyC).<\/span><\/p><p><span style=\"font-weight: 400;\">\u00a0<\/span><\/p><p style=\"padding-left: 40px;\"><b>L\u00edneas de Investigaci\u00f3n:<\/b><\/p><p style=\"padding-left: 40px;\"><b>\u00a0<\/b><\/p><p style=\"padding-left: 40px;\"><span style=\"font-weight: 400;\">1) Procesos pedag\u00f3gicos de las artes y el dise\u00f1o;\u00a0<\/span><\/p><p style=\"padding-left: 40px;\"><span style=\"font-weight: 400;\">\u00a0<\/span><span style=\"font-weight: 400;\">2) Estudios Interdisciplinarios de las Artes, el Dise\u00f1o y la Cultura; <\/span><\/p><p style=\"padding-left: 40px;\"><span style=\"font-weight: 400;\">3) Educaci\u00f3n Superior, Identidad y Cultura;<\/span><\/p><p style=\"padding-left: 40px;\"><span style=\"font-weight: 400;\">4) Patrimonio cultural;<\/span><\/p><p style=\"padding-left: 40px;\"><span style=\"font-weight: 400;\">5) Dise\u00f1o y divulgaci\u00f3n de la ciencia y la cultura.<\/span><\/p><p style=\"padding-left: 80px;\"><span style=\"font-weight: 400;\">\u00a0<\/span><\/p><p style=\"padding-left: 40px;\"><em><span style=\"font-weight: 400;\">P\u00e1ginas:<\/span><\/em><\/p><ul><li style=\"list-style-type: none;\"><ul><li style=\"font-weight: 400;\" aria-level=\"1\"><em><a href=\"https:\/\/masam.cuautitlan.unam.mx\/seminarioarteydiseno\/\"><span style=\"font-weight: 400;\">https:\/\/masam.cuautitlan.unam.mx\/seminarioarteydiseno\/<\/span><\/a><\/em><\/li><li style=\"font-weight: 400;\" aria-level=\"1\"><em><a href=\"https:\/\/unam.academia.edu\/AlmaElisaDelgadoCoellar\"><span style=\"font-weight: 400;\">https:\/\/unam.academia.edu\/AlmaElisaDelgadoCoellar<\/span><\/a><span style=\"font-weight: 400;\">\u00a0<\/span><\/em><\/li><li style=\"font-weight: 400;\" aria-level=\"1\"><em><a href=\"https:\/\/www.researchgate.net\/profile\/Alma-Delgado-Coellar\/research\"><span style=\"font-weight: 400;\">https:\/\/www.researchgate.net\/profile\/Alma-Delgado-Coellar\/research<\/span><\/a><span style=\"font-weight: 400;\">\u00a0<\/span><\/em><\/li><\/ul><\/li><\/ul>\t\t\t\t\t\t<\/div>\n\t\t\t\t<\/div>\n\t\t\t\t\t<\/div>\n\t\t\t\t<\/div>\n\t\t<div class=\"elementor-element elementor-element-573ae7f e-flex e-con-boxed e-con e-child\" data-id=\"573ae7f\" data-element_type=\"container\">\n\t\t\t\t\t<div class=\"e-con-inner\">\n\t\t\t\t<div class=\"elementor-element elementor-element-b29bc17 elementor-widget elementor-widget-image\" data-id=\"b29bc17\" data-element_type=\"widget\" data-widget_type=\"image.default\">\n\t\t\t\t<div class=\"elementor-widget-container\">\n\t\t\t<style>\/*! elementor - v3.21.0 - 30-04-2024 *\/\n.elementor-widget-image{text-align:center}.elementor-widget-image a{display:inline-block}.elementor-widget-image a img[src$=\".svg\"]{width:48px}.elementor-widget-image img{vertical-align:middle;display:inline-block}<\/style>\t\t\t\t\t\t\t\t\t\t<img fetchpriority=\"high\" decoding=\"async\" width=\"600\" height=\"600\" src=\"https:\/\/virtual.cuautitlan.unam.mx\/departamentodcv\/wp-content\/uploads\/2024\/04\/dcv_delgado-elisa-600x600.jpg\" class=\"attachment-medium size-medium wp-image-1837\" alt=\"\" srcset=\"https:\/\/virtual.cuautitlan.unam.mx\/departamentodcv\/wp-content\/uploads\/2024\/04\/dcv_delgado-elisa-600x600.jpg 600w, https:\/\/virtual.cuautitlan.unam.mx\/departamentodcv\/wp-content\/uploads\/2024\/04\/dcv_delgado-elisa-1080x1080.jpg 1080w, https:\/\/virtual.cuautitlan.unam.mx\/departamentodcv\/wp-content\/uploads\/2024\/04\/dcv_delgado-elisa-300x300.jpg 300w, https:\/\/virtual.cuautitlan.unam.mx\/departamentodcv\/wp-content\/uploads\/2024\/04\/dcv_delgado-elisa-768x768.jpg 768w, https:\/\/virtual.cuautitlan.unam.mx\/departamentodcv\/wp-content\/uploads\/2024\/04\/dcv_delgado-elisa.jpg 1200w\" sizes=\"(max-width: 600px) 100vw, 600px\" \/>\t\t\t\t\t\t\t\t\t\t\t\t\t<\/div>\n\t\t\t\t<\/div>\n\t\t\t\t<div class=\"elementor-element elementor-element-1dfd620 elementor-widget elementor-widget-video\" data-id=\"1dfd620\" data-element_type=\"widget\" data-settings=\"{&quot;youtube_url&quot;:&quot;https:\\\/\\\/youtu.be\\\/1f-idQJvA3M&quot;,&quot;video_type&quot;:&quot;youtube&quot;,&quot;controls&quot;:&quot;yes&quot;}\" data-widget_type=\"video.default\">\n\t\t\t\t<div class=\"elementor-widget-container\">\n\t\t\t<style>\/*! elementor - v3.21.0 - 30-04-2024 *\/\n.elementor-widget-video .elementor-widget-container{overflow:hidden;transform:translateZ(0)}.elementor-widget-video .elementor-wrapper{aspect-ratio:var(--video-aspect-ratio)}.elementor-widget-video .elementor-wrapper iframe,.elementor-widget-video .elementor-wrapper video{height:100%;width:100%;display:flex;border:none;background-color:#000}@supports not (aspect-ratio:1\/1){.elementor-widget-video .elementor-wrapper{position:relative;overflow:hidden;height:0;padding-bottom:calc(100% \/ var(--video-aspect-ratio))}.elementor-widget-video .elementor-wrapper iframe,.elementor-widget-video .elementor-wrapper video{position:absolute;top:0;right:0;bottom:0;left:0}}.elementor-widget-video .elementor-open-inline .elementor-custom-embed-image-overlay{position:absolute;top:0;right:0;bottom:0;left:0;background-size:cover;background-position:50%}.elementor-widget-video .elementor-custom-embed-image-overlay{cursor:pointer;text-align:center}.elementor-widget-video .elementor-custom-embed-image-overlay:hover .elementor-custom-embed-play i{opacity:1}.elementor-widget-video .elementor-custom-embed-image-overlay img{display:block;width:100%;aspect-ratio:var(--video-aspect-ratio);-o-object-fit:cover;object-fit:cover;-o-object-position:center center;object-position:center center}@supports not (aspect-ratio:1\/1){.elementor-widget-video .elementor-custom-embed-image-overlay{position:relative;overflow:hidden;height:0;padding-bottom:calc(100% \/ var(--video-aspect-ratio))}.elementor-widget-video .elementor-custom-embed-image-overlay img{position:absolute;top:0;right:0;bottom:0;left:0}}.elementor-widget-video .e-hosted-video .elementor-video{-o-object-fit:cover;object-fit:cover}.e-con-inner>.elementor-widget-video,.e-con>.elementor-widget-video{width:var(--container-widget-width);--flex-grow:var(--container-widget-flex-grow)}<\/style>\t\t<div class=\"elementor-wrapper elementor-open-inline\">\n\t\t\t<div class=\"elementor-video\"><\/div>\t\t<\/div>\n\t\t\t\t<\/div>\n\t\t\t\t<\/div>\n\t\t\t\t\t<\/div>\n\t\t\t\t<\/div>\n\t\t\t\t\t<\/div>\n\t\t\t\t<\/div>\n\t\t\t\t\t<\/div>\n\t\t\t\t<\/div>\n\t\t\t\t<\/div>\n\t\t","protected":false},"excerpt":{"rendered":"<p>Volver ALMA ELISA DELGADO COELLAR Modalidad Presencial y a Distancia \u00a0 Miembro del Sistema Nacional de Investigadores Nivel Candidata. Es Posdoctora en Investigaci\u00f3n por la Universidad Pedag\u00f3gica Libertador (UPEL). Es Doctora en Arte y Cultura por la Universidad de Guanajuato (programa interinstitucional perteneciente a los Posgrados de Calidad de CONAHCyT) y Doctora en Educaci\u00f3n (SEP). [&hellip;]<\/p>\n","protected":false},"author":1,"featured_media":0,"parent":0,"menu_order":0,"comment_status":"closed","ping_status":"closed","template":"","meta":{"site-sidebar-layout":"no-sidebar","site-content-layout":"page-builder","ast-site-content-layout":"full-width-container","site-content-style":"unboxed","site-sidebar-style":"unboxed","ast-global-header-display":"","ast-banner-title-visibility":"","ast-main-header-display":"","ast-hfb-above-header-display":"","ast-hfb-below-header-display":"","ast-hfb-mobile-header-display":"","site-post-title":"disabled","ast-breadcrumbs-content":"","ast-featured-img":"disabled","footer-sml-layout":"","theme-transparent-header-meta":"disabled","adv-header-id-meta":"","stick-header-meta":"","header-above-stick-meta":"","header-main-stick-meta":"","header-below-stick-meta":"","astra-migrate-meta-layouts":"set","ast-page-background-enabled":"default","ast-page-background-meta":{"desktop":{"background-color":"var(--ast-global-color-4)","background-image":"","background-repeat":"repeat","background-position":"center center","background-size":"auto","background-attachment":"scroll","background-type":"","background-media":"","overlay-type":"","overlay-color":"","overlay-gradient":""},"tablet":{"background-color":"","background-image":"","background-repeat":"repeat","background-position":"center center","background-size":"auto","background-attachment":"scroll","background-type":"","background-media":"","overlay-type":"","overlay-color":"","overlay-gradient":""},"mobile":{"background-color":"","background-image":"","background-repeat":"repeat","background-position":"center center","background-size":"auto","background-attachment":"scroll","background-type":"","background-media":"","overlay-type":"","overlay-color":"","overlay-gradient":""}},"ast-content-background-meta":{"desktop":{"background-color":"var(--ast-global-color-5)","background-image":"","background-repeat":"repeat","background-position":"center center","background-size":"auto","background-attachment":"scroll","background-type":"","background-media":"","overlay-type":"","overlay-color":"","overlay-gradient":""},"tablet":{"background-color":"var(--ast-global-color-5)","background-image":"","background-repeat":"repeat","background-position":"center center","background-size":"auto","background-attachment":"scroll","background-type":"","background-media":"","overlay-type":"","overlay-color":"","overlay-gradient":""},"mobile":{"background-color":"var(--ast-global-color-5)","background-image":"","background-repeat":"repeat","background-position":"center center","background-size":"auto","background-attachment":"scroll","background-type":"","background-media":"","overlay-type":"","overlay-color":"","overlay-gradient":""}},"footnotes":""},"class_list":["post-1321","page","type-page","status-publish","hentry"],"_links":{"self":[{"href":"https:\/\/virtual.cuautitlan.unam.mx\/departamentodcv\/wp-json\/wp\/v2\/pages\/1321","targetHints":{"allow":["GET"]}}],"collection":[{"href":"https:\/\/virtual.cuautitlan.unam.mx\/departamentodcv\/wp-json\/wp\/v2\/pages"}],"about":[{"href":"https:\/\/virtual.cuautitlan.unam.mx\/departamentodcv\/wp-json\/wp\/v2\/types\/page"}],"author":[{"embeddable":true,"href":"https:\/\/virtual.cuautitlan.unam.mx\/departamentodcv\/wp-json\/wp\/v2\/users\/1"}],"replies":[{"embeddable":true,"href":"https:\/\/virtual.cuautitlan.unam.mx\/departamentodcv\/wp-json\/wp\/v2\/comments?post=1321"}],"version-history":[{"count":66,"href":"https:\/\/virtual.cuautitlan.unam.mx\/departamentodcv\/wp-json\/wp\/v2\/pages\/1321\/revisions"}],"predecessor-version":[{"id":3382,"href":"https:\/\/virtual.cuautitlan.unam.mx\/departamentodcv\/wp-json\/wp\/v2\/pages\/1321\/revisions\/3382"}],"wp:attachment":[{"href":"https:\/\/virtual.cuautitlan.unam.mx\/departamentodcv\/wp-json\/wp\/v2\/media?parent=1321"}],"curies":[{"name":"wp","href":"https:\/\/api.w.org\/{rel}","templated":true}]}}